3/6 - 2*r**2 + 17*r. Let c(b) be the first derivative of i(b). What is the tens digit of c(-6)?
6
What is the units digit of (462/264)/(3/39036)?
1
Let d = -5 + -6. Let t(p) = p**3 + 12*p**2 + 2*p - 11. What is the units digit of t(d)?
8
What is the thousands digit of 55569280/17420 + 2/67?
3
Let p be 14/6*2 - 8/12. Suppose p*n = 848 + 864. What is the hundreds digit of n?
4
Let t(s) = 35*s**2 - 145*s + 707. What is the tens digit of t(5)?
5
Let h be ((-16)/3)/((-5)/(-75)). What is the units digit of (32/h)/((-2)/3205)?
1
Suppose 53*b - 154947 = 24*b. What is the units digit of b?
3
Let l(s) be the third derivative of 67*s**5/60 - 11*s**4/24 + 10*s**3/3 - 306*s**2. What is the tens digit of l(3)?
9
Let r be (-8)/(-32)*0*(-2)/6. What is the units digit of (971 - r) + -2*8/4?
7
Let o(y) = -y**2 + 4*y + 3. Suppose 2*u + 4 = 3*u. Let j be o(u). Suppose 0 = j*d + 2*a - 355, 2*d + 4*a - 177 = 73. What is the units digit of d?
5
Let m(v) = -v**3 - 22*v**2 + 37*v + 315. What is the hundreds digit of m(-33)?
0
Let b = 593 - -4109. What is the thousands digit of b?
4
Let d(y) = 3*y**3 - 124*y**2 + 63*y + 191. What is the tens digit of d(46)?
1
Let f(c) = c**3 - 11*c**2 + 6*c - 57. Let d be f(11). Suppose -404 = -2*i + p, d*i = 7*i + 4*p + 416. What is the tens digit of i?
0
Let c(g) = 186*g - 84. Let p(s) = s. Let r(k) = -c(k) - 12*p(k). What is the thousands digit of r(-5)?
1
What is the thousands digit of (576/(-60))/(-1 + (-577)/(-580))?
1
Let t = 14 - 12. Suppose 5*o - t*v = 1152, 0 = -4*v + 1 - 5. What is the tens digit of o?
3
Let k = 49 - 48. Suppose 0 = -2*l - k - 7. What is the units digit of (-398)/6*((-3)/(-3) + l)?
9
Let r be (141/12 - 0)/(5/(-20)). Let v be -1 - (-2)/(2/(-3)). Let s = v - r. What is the units digit of s?
3
Let k(f) = -f - 9. Let o = -16 - -27. Let s be k(o). Let d = 70 + s. What is the units digit of d?
0
What is the tens digit of 304/12 - (3 + 1 - (-84)/(-18))?
2
Let g(w) = 6*w**2 - w - 1304. What is the hundreds digit of g(42)?
2
What is the hundreds digit of (52262/35)/(2*6/180)?
3
Let t(h) = 106*h - 27. Let u be (-4 + 1 - 4)*(-2 - -1). What is the units digit of t(u)?
5
Suppose -491232 = -73*v + 147810. What is the tens digit of v?
5
Suppose 11*n - 16 = 15*n - 2*h, -5*h + 8 = -2*n. Let x(v) = 33*v**2 + 11*v - 3. What is the hundreds digit of x(n)?
4
Suppose 25*t - 29673 = 136906 + 78371. What is the hundreds digit of t?
7
Let p = -25091 - -26606. What is the tens digit of p?
1
Let b = -37 - -46. Let n be (2 - 3)*(0 + (0 - 2)). What is the units digit of 45/b + n + 1?
8
Suppose 27*a + 10*a = 231144 + 98859. What is the tens digit of a?
1
Let o(j) be the first derivative of -j**4/2 - 3*j**3 - j**2 - 35*j + 52. What is the units digit of o(-6)?
5
Suppose 0*o - 474 - 2267 = -o. What is the hundreds digit of o?
7
Let f = -5057 - -10494. What is the units digit of f?
7
Let y(v) = -20 - 15*v - 3 - 27 - 40*v. What is the units digit of y(-3)?
5
Let v be (-774)/(-215) - (-6)/(-10). Suppose -s = -2*c - 1511, 5*s = v*s + 3*c + 3021. What is the hundreds digit of s?
5
Let o = -13648 - -24199. What is the ten thousands digit of o?
1
Suppose 34*a + 19565 = 47*a. What is the units digit of a?
5
Suppose -2*k = 0, -k = f - 4*f + 903. Let p = f - 2. What is the tens digit of p?
9
Suppose 0 = -4*u + u - 351. Let r be -7 - -4 - (0 + -183). Let d = u + r. What is the units digit of d?
3
Let c be -3*(0 - (3 + -2)). Suppose -o - 1142 = -3*m, -m - 386 = -2*m + c*o. What is the tens digit of (-2)/(-6) - (m/3)/(-1)?
2
Let a(n) = -214*n + 268. Let m be a(5). Let f = 827 + m. What is the tens digit of f?
2
Suppose 29*o - 36 = 17*o. Suppose 4*y = -o*v + 2*v + 56, -4*y = 3*v - 64. What is the units digit of (188/16)/(((-52)/(-48))/y)?
1
Suppose 4*a = -0*a - 5*d + 28, 0 = -5*a - d + 14. Suppose -2 = b + 4*j, 0*j + a*j + 2 = 0. What is the tens digit of (22 - 22) + (-1 - (b - 113))?
1
Let u(c) = -269*c - 381. Let x be u(5). What is the thousands digit of (4 + x + -1)*(2 + -3)?
1
Suppose -5*c - 22856 = -i, i + 13*c = 14*c + 22844. What is the tens digit of i?
4
Let i(s) be the second derivative of 0 + 6*s**2 + 1/4*s**4 - 19*s - 3/20*s**5 + 0*s**3. What is the units digit of i(-3)?
0
Let n(s) = 283*s**2 - s - 3. Let k be n(-1). Let q = -219 + k. What is the tens digit of q?
6
Let h(o) = o**3 - 3*o**2 + 85*o - 943. What is the units digit of h(24)?
3
Let y = 51 - 42. Suppose -y = -g - 2. Suppose -g*o = 42 - 364. What is the tens digit of o?
4
Let f(c) be the second derivative of 5*c**4/4 + 5*c**3 - 81*c**2/2 - 30*c + 4. What is the tens digit of f(3)?
4
Suppose 76*y - 12 = 80*y. What is the thousands digit of (y + 4 - -7) + 1335?
1
Let k(v) = v**3 - 40*v**2 + 112*v - 28. Let x(q) = 3*q**2 - 12*q + 37. Let n be x(4). What is the units digit of k(n)?
9
Let k(y) = -140*y + 707. What is the thousands digit of k(-72)?
0
Suppose -o + 110 = -2*g, -3*g + 2*o = -0*g + 164. Let q = 133 + g. Suppose q = 9*d - 184. What is the tens digit of d?
2
Let d = 1477 + -608. Let f be (-10 - (-55)/5) + -1. Suppose f = -9*g - d + 2408. What is the units digit of g?
1
Let t(g) = 123*g + 28. Let r be 28/9 - 34/306. What is the hundreds digit of t(r)?
3
Let n be (-1 - 1/(-2))*2. Let l(b) = -30. Let y(c) = -22*c - 30. Let w(m) = -l(m) + y(m). What is the tens digit of w(n)?
2
Suppose -4*d + 31373 = 1521. What is the tens digit of d?
6
Let a(c) = c**3 + 8*c**2 - 8*c - 1. Let y be (6/1)/(18/(-24)). Let b be a(y). Let t = b - -24. What is the units digit of t?
7
Suppose -15*b + 13235 = -3865. Suppose 0 = 324*g - 319*g - b. What is the units digit of g?
8
What is the thousands digit of (132 - 133) + 1*4106*1?
4
What is the thousands digit of (-1303953)/(-105) - (-6)/15?
2
Let m = -203 + -138. Let n = -70 - m. What is the tens digit of n?
7
Suppose 7*z - 5*o - 11 = 9*z, 0 = 2*o + 2. What is the hundreds digit of (-1*(-64)/(-24))/(z/864)?
7
Let z(h) = -37*h + 9566. What is the units digit of z(163)?
5
Let o = -454 - -798. Suppose -3*n + 1004 = -5*l, -7*l = -n - 3*l + o. What is the hundreds digit of n?
3
Suppose 2*j = -28 + 12. Let i be (1530/j)/((-9)/(-36)). What is the tens digit of (4/(-10))/(0 - (-3)/i)?
0
Let g(x) = x - 24. Let f(l) = 4*l - 73. Let w(q) = 4*f(q) - 11*g(q). Suppose -2*u = 3*d - 11, -2*u - d = -3*d - 26. What is the units digit of w(u)?
2
Suppose -27*b + 1647 = -19197. Let v = 1306 - b. What is the hundreds digit of v?
5
Suppose -4 = 4*p, -2*o + 11 = -0*o + p. Suppose -3*k - o*k = -27. Suppose k*n + 12 = 7*n. What is the units digit of n?
3
Suppose 5*a = -20, 0 = -3*g - 3*a - 6231 + 16089. Suppose -2*s - 5*s = -g. What is the hundreds digit of s?
4
Let l(j) = -j**2 - 36*j + 5. Let r be l(-11). Let h = r + -62. Suppose -26 = b + 4*s - 161, -5*s = -2*b + h. What is the hundreds digit of b?
1
Suppose 2*s + 690 = s + 2*l, -2*l - 3450 = 5*s. What is the units digit of (-1)/(-1)*(-5 - s)?
5
Let f(s) = 408*s**2 + 20*s - 31. What is the ten thousands digit of f(10)?
4
Let p(a) = -190*a - 30. Let g be p(-4). Let d = g + -201. What is the tens digit of d?
2
Let l = 100 - 427. Let x = l - -207. Let d = x + 181. What is the tens digit of d?
6
Let n be (-1 + 2 + 4)/1. Suppose 6 = -n*k + 21. Suppose -k*i + 25 + 14 = 0. What is the tens digit of i?
1
Let s(c) = -c + 18. Let o = -23 - -25. Suppose o*d - d = 9. What is the units digit of s(d)?
9
Suppose 45*q - 394250 = -5*q. What is the units digit of q?
5
Suppose -19102 = -10*r + 27918. Suppose -r = -5*c + 883. What is the units digit of c?
7
Let d = -1205 - -2066. Let l = 501 - 282. Suppose 5*c - d = l. What is the units digit of c?
6
Suppose 164065 = 3*n + 4*m, -4*n + 3*m + 149708 + 68987 = 0. What is the units digit of n?
9
What is the tens digit of 0/(338/(-26)) - 1/((-1)/55072)?
7
Suppose -2*d + 85 = 5*m, 31 + 74 = 3*d + 3*m. Let z = d - 27. Suppose z*a - 12 = 0, -3*f + 6*a + 78 = 3*a. What is the tens digit of f?
3
Let v be 42722/16 + (-7)/56. What is the units digit of v/12*32/20?
6
Let n(j) = 3*j**3 - j**2 + 12*j + 22. Let v be n(5). Suppose v*f - 436*f = -3240. What is the hundreds digit of f?
8
Suppose -5*g + 21*g - 10368 = 0. Let r = -404 + g. What is the units digit of r?
4
Let k(w) = 942*w - 687. What is the thousands digit of k(19)?
7
Suppose q - 9 = 5*q - 3*v, 5*q = 2*v - 6. Let l be ((-24)/(-10))/((-20)/(-50)) +